 common divisor of v and 28?
14
Suppose 2*w + 0 + 2 = 0. Let t be (1/w)/(10/(-240)). What is the greatest common factor of t and 192?
24
Suppose -3*t - a + 3*a + 166 = 0, -2*t + 5*a + 107 = 0. What is the highest common factor of t and 14?
14
Let v(w) = w - 7. Let m be v(12). Let f = -76 + 107. Suppose -6*s - f = -z - s, m*s = -z - 9. What is the greatest common factor of z and 77?
11
Suppose l + 0*f = -f + 17, 2*l + 3*f = 30. What is the greatest common factor of 21 and l?
21
Let s be (-3)/((-1)/4*6). Suppose -s*q - 5 = -7*q. Let b be (2 + (-33)/(-3))*q. What is the highest common factor of 39 and b?
13
Let b(n) = -n**3 - 9*n**2 + 3*n + 13. Let i be b(-9). Let d be (7/i)/(2/(-32)). Calculate the greatest common divisor of 12 and d.
4
Let r(a) = -a**2 + 16*a + 2. Let v be r(15). Let y = -5 + v. Calculate the highest common factor of y and 36.
12
Let p = -18 - -49. Suppose 49 = q - p. Suppose 0 = 3*b + 16 - 76. Calculate the highest common divisor of b and q.
20
Let x be (35 + 5 - 5) + 5. Calculate the greatest common factor of x and 40.
40
Let k(j) = j**2 + 6*j + 9. Let s be k(-6). Calculate the greatest common factor of s and 36.
9
Let h(f) = 72*f**2. Let a be h(-1). Let n be (0 + 3/9)*(-48)/(-2). What is the highest common factor of a and n?
8
Let g = -23 - -7. Let x = g - -28. Calculate the highest common factor of 4 and x.
4
Let s(k) = k**2 - 4*k + 6. Let g be s(6). Suppose r - 7*r = -g. What is the highest common divisor of 12 and r?
3
Let r(y) = 7*y**2 - 5*y + 3. Let c be r(-4). Let g(v) = -v**3 - 7*v**2 + 15. Let t be g(-7). Calculate the greatest common factor of t and c.
15
Let p be 310/14 - (-1)/(-7). Calculate the greatest common factor of 88 and p.
22
Suppose -2*g + 0*g + 2*u + 12 = 0, -2*g - 5*u - 16 = 0. Suppose i - g*i = -85. Suppose -135 - i = -4*q. What is the greatest common factor of 11 and q?
11
Let h(b) = -b + 12. Let f be h(9). Suppose j - 40 = -f*n, -4*n - 50 = -8*n - 3*j. Suppose -3*s = -50 - 13. What is the greatest common factor of n and s?
7
Let m = 30 + 32. What is the highest common factor of m and 93?
31
Suppose -28 = -4*t + m, -2*t - 20 = -4*t - m. What is the highest common divisor of t and 24?
8
Suppose 5*x - 153 = -3. Calculate the highest common factor of x and 10.
10
Let j be (-8)/(8/(-5)) + 1. Calculate the greatest common divisor of 24 and j.
6
Let k be ((-4)/8)/1*-22. Let a = 3 - -85. What is the highest common factor of a and k?
11
Suppose -4*y = -3 - 1. Calculate the greatest common factor of y and 8.
1
Let t = 4 + -2. Let h be t/(-9) - (-4554)/81. Calculate the greatest common divisor of h and 8.
8
Suppose -2*x - 6 = j + 4*j, -2*x = 3*j + 6. Suppose 0*f - 2*f + 72 = j. Let s = 55 - f. What is the greatest common divisor of s and 38?
19
Suppose 0 = 4*i + 3*r - 271, 5*i - 225 = 3*r + 134. Calculate the greatest common factor of i and 10.
10
Let p = 2 + 1. Suppose -35 - 4 = -p*h. What is the highest common divisor of 143 and h?
13
Suppose 10*r = 9*r + 1. Suppose 5*m - 59 = r. What is the highest common divisor of m and 48?
12
Let q be (-949)/(-7) - (-24)/(-42). What is the greatest common divisor of 90 and q?
45
Let v be ((-1)/2)/((-16)/32). Suppose 0 = -4*z - 0*z + 44. Calculate the greatest common factor of z and v.
1
Suppose 3*f = 2*f + 3. Suppose -f*v + 0*p - 3*p + 48 = 0, 3*v - p - 40 = 0. Let z be (-1 - -2) + 126 + -1. Calculate the greatest common divisor of v and z.
14
Let t be (-4)/(-10)*(-1 + 11). Let o = 50 + -6. Calculate the greatest common factor of o and t.
4
Suppose -2*a + 79 = 4*t - 5, 0 = -3*a + 5*t + 181. Let y = -28 + a. Let j be (2 - 0) + 1/1. What is the highest common factor of j and y?
3
Suppose -r = r - 10. Let b(f) = f**2 - 5*f. Let i be b(r). Suppose i = -k + 1, d = -k - k + 26. Calculate the greatest common divisor of d and 12.
12
Let y(f) = -1 + 1 + f + 8*f**2. Let q be y(-2). Let w(s) = -s**2 - 17*s + 23. Let p be w(-13). What is the highest common divisor of q and p?
15
Let q(s) = -7*s - 15. Let j be q(-5). Calculate the highest common divisor of 20 and j.
20
Let f be (3/6)/((-2)/12). Let h be (-460)/f - (-6)/9. Suppose 3*w = -0*w + 42. Calculate the greatest common factor of h and w.
14
Suppose -6*v = -2*v + 8, 0 = 5*s - 3*v - 136. What is the greatest common factor of 78 and s?
26
Let y = -13 + 37. Suppose 63 = 4*p - v, 0 = 6*p - 2*p - 3*v - 61. What is the highest common divisor of p and y?
8
Let d(p) = -p**2 - 9*p + 17. Let z be d(-8). What is the highest common divisor of 5 and z?
5
Let h(a) = -a**3 - 3*a**2 + 2*a - 3. Let i be h(-4). Suppose 3*w = 4*s - 13, 24 = i*s - 3*w + 7. What is the greatest common factor of s and 28?
4
Let f(h) = h**3 - 12*h**2 - 10*h - 17. Let n be f(13). Calculate the highest common factor of n and 2.
2
Let i be (-2)/(-2) + 166 - -3. Suppose -3*u + 124 = -i. What is the greatest common factor of u and 14?
14
Let a(x) = 2*x**2 - 5*x + 2. Let y be a(3). Suppose 3*s + 42 = y*u + 113, u + 72 = 4*s. What is the greatest common factor of s and 17?
17
Suppose 0*s = 4*s - 20. Suppose 6*t = -5*w + 4*t + 22, -4*w + s*t + 11 = 0. Let y be 14/10 - (-4)/(-10). Calculate the greatest common divisor of y and w.
1
Suppose 2*a - 2*b + 0*b = 58, -96 = -4*a - b. Let j = -10 + a. What is the highest common divisor of 90 and j?
15
Let l = -282 - -294. Suppose m - 147 = -0*m - 3*p, -543 = -4*m - 3*p. Calculate the greatest common divisor of m and l.
12
Suppose 2*m - 3 = -1. Let f(d) = 22*d**2. Let w be f(m). What is the greatest common factor of 33 and w?
11
Suppose -24 = 4*b - 32. Suppose -2*k = -l, 2*k + 4*l = -2*k. Let d = 2 - k. Calculate the highest common factor of b and d.
2
Suppose -3*d + 4*d = 0. Suppose d*a + 6 = 6*a. Calculate the highest common factor of a and 11.
1
Suppose 80 = 5*r + 5*c, 5*r = 3*c + 2*c + 80. What is the highest common divisor of r and 2?
2
Let y = -56 + 82. Let t = y - 16. Calculate the greatest common factor of t and 20.
10
Let t(v) = v**2 + 7. Let c be t(0). Suppose 7 = w + 1. Let u = c - w. What is the greatest common divisor of 5 and u?
1
Let u = -3 - -35. What is the highest common factor of 192 and u?
32
Suppose -2*k - 107 = -v, -2*k - 421 = -4*v - k. Suppose 3*d - 45 = 3*m, 5*d - 34 = -2*m + 41. What is the greatest common factor of d and v?
15
Let n(y) = y**3 + 11*y**2 + 10*y + 5. Let l be n(-10). Let r be 5*(24/l)/(-3). Let f be ((-6)/r)/((-3)/(-12)). What is the highest common divisor of 33 and f?
3
Let b(p) = 26*p**2 - p + 4. Let a be b(-2). What is the greatest common divisor of a and 10?
10
Suppose -4*f + 141 = -159. What is the highest common divisor of f and 25?
25
Let c(g) = -g**2 + 14*g - 17. Let j be c(11). What is the highest common factor of 80 and j?
16
Let m(k) = -k**2 + 0*k**2 - 4*k + 3*k + 9*k**2. Let c be m(1). Calculate the highest common divisor of c and 49.
7
Let r(h) = -2*h**3 - 2*h**2 + 2*h + 2. Let b be r(-2). Let z be (-6)/(-7)*(1 + b). Suppose 0 = -f - f + z. What is the greatest common divisor of 15 and f?
3
Suppose 0 = 3*l + l + 2*c - 828, -l + 3*c = -221. Calculate the highest common divisor of 19 and l.
19
Suppose 153 = 6*s - 45. Calculate the greatest common factor of 3 and s.
3
Suppose 4*f + 0*f = 252. Suppose -2*w = w - v - 1127, -1139 = -3*w - 2*v. Let a be (-2)/8 + w/52. Calculate the greatest common factor of f and a.
7
Let c = 16 - 12. Suppose i + 5*r = 17, c*r = 4*i + 2*r - 2. Calculate the greatest common factor of 2 and i.
2
Let t be (-64)/(-28) + 2/(-7). Let x = t + 2. Suppose x*r - 177 = 395. What is the highest common divisor of 13 and r?
13
Suppose 0 = -3*o, 3*v - 2*o = 7*v - 12. Suppose 3*f + v = 228. What is the highest common factor of f and 25?
25
Suppose -4*v - 1 = -q, 3*q - 6*q = -v - 3. Let k = v + 0. Suppose k*t - t = -2, b - 11 = -3*t. Calculate the highest common factor of b and 40.
5
Let u be -12*(10/(-4) - -2). Let b be (1 + 8)/(3/u). Suppose -g = -3*t - 0 + 10, 4*g = 4*t - 24. Calculate the highest common divisor of b and t.
2
Suppose -24 = -3*u - q + 101, -45 = -u - 2*q. Let n be u - ((-2)/(-1))/2. What is the highest common factor of 20 and n?
20
Let r(s) = -9*s - 64. Let v be r(-11). What is the highest common divisor of v and 175?
35
Let r = -154 + 177. Calculate the greatest common factor of r and 253.
23
Let o(j) = -j + 5. Let m be o(-5). Let s be (m/6)/(3/9).